{"id":325,"date":"2026-03-19T05:27:51","date_gmt":"2026-03-19T05:27:51","guid":{"rendered":"http:\/\/www.chrigubruetsch.ch\/?page_id=325"},"modified":"2026-04-17T12:16:50","modified_gmt":"2026-04-17T12:16:50","slug":"ig-ha-di-gern-bild-text","status":"publish","type":"page","link":"https:\/\/www.chrigubruetsch.ch\/index.php\/home\/ig-ha-di-gern-bild-text\/","title":{"rendered":"Ig ha Di gern Bild Text"},"content":{"rendered":"\n<div class=\"wp-block-group alignfull has-custom-schwarz-color has-custom-braun-background-color has-text-color has-background has-link-color wp-elements-1 has-global-padding is-layout-constrained wp-container-core-group-is-layout-0f22d0a1 wp-block-group-is-layout-constrained\" style=\"padding-right:0;padding-left:0\">\n<div class=\"wp-block-columns alignfull is-layout-flex wp-container-core-columns-is-layout-0830beed wp-block-columns-is-layout-flex\" style=\"padding-right:var(--wp--preset--spacing--50);padding-left:var(--wp--preset--spacing--50)\">\n<div class=\"wp-block-column is-layout-flow wp-block-column-is-layout-flow\">\n<div style=\"height:24px\" aria-hidden=\"true\" class=\"wp-block-spacer\"><\/div>\n\n\n\n<h2 class=\"wp-block-heading is-style-default\" style=\"font-size:5vh\">Ig ha Di g\u00e4rn<\/h2>\n\n\n\n<div style=\"height:24px\" aria-hidden=\"true\" class=\"wp-block-spacer\"><\/div>\n\n\n\n<p class=\"wp-block-paragraph\">We Du vor mir schteisch, de wird\u2019s mir so warm<br>We Dini Ouge d\u00fce l\u00fcchte mit entz\u00fcckendem Scharm<br>De ziehts mi zu Dir u ig gschp\u00fcre im H\u00e4rz<br>ganz tief i mim Ch\u00e4rn \u2013 I ha Di so g\u00e4rn<\/p>\n\n\n\n<p class=\"wp-block-paragraph\">We Gf\u00fceu a v\u00f6 schw\u00e4be, us mi t\u00fcecht sig allei<br>we mi d\u2019Sehnsucht erdr\u00fcckt u i allei bi deheim<br>de ziehts mi zu Dir u ig gschp\u00fcre im H\u00e4rz<br>ganz tief i mim Ch\u00e4rn \u2013 I ha Di so g\u00e4rn<\/p>\n\n\n\n<p class=\"wp-block-paragraph\">O wi froh bin ig,\u00a0Di n\u00e4b mir z\u2019ha<br>Di ch\u00f6nne z\u2019h\u00e4be, mit Dir d\u00f6rfe z\u2019ga<br>Du chasch uf mi zeue, bi ging f\u00fcr Di da<br>blib wi Du bisch, z\u00e4me wird\u2019s ga<\/p>\n\n\n\n<div style=\"height:42px\" aria-hidden=\"true\" class=\"wp-block-spacer\"><\/div>\n\n\n\n<p class=\"wp-block-paragraph\">words &amp; music by chrigu br\u00fctsch<br>chrigu: Gesang, Piano, akustische Gitarre, Keyboards, Kontrabass<\/p>\n\n\n\n<div style=\"height:24px\" aria-hidden=\"true\" class=\"wp-block-spacer\"><\/div>\n<\/div>\n\n\n\n<div class=\"wp-block-column is-vertically-aligned-center is-layout-flow wp-block-column-is-layout-flow\">\n<figure class=\"wp-block-image size-full is-resized\" style=\"margin-top:var(--wp--preset--spacing--60)\"><img loading=\"lazy\" decoding=\"async\" width=\"1600\" height=\"1600\" src=\"http:\/\/www.chrigubruetsch.ch\/wp-content\/uploads\/2026\/03\/rose-tc.png\" alt=\"\" class=\"wp-image-106\" style=\"object-fit:cover;width:444px;height:auto\"\/><\/figure>\n\n\n\n<figure class=\"wp-block-audio\"><audio controls src=\"http:\/\/www.chrigubruetsch.ch\/wp-content\/uploads\/2026\/03\/ig-ha-di-so-gaern-hp.mp3\"><\/audio><\/figure>\n\n\n\n<h2 class=\"wp-block-heading\">h\u00f6ren auf:<\/h2>\n\n\n\n<figure class=\"wp-block-image size-large is-resized\"><a href=\"https:\/\/mx3.ch\/home\/search?q=heaven+Chrigu+br\u00fctsch\"><img loading=\"lazy\" decoding=\"async\" width=\"1024\" height=\"739\" src=\"http:\/\/www.chrigubruetsch.ch\/wp-content\/uploads\/2026\/02\/mx3_icon-1024x739.jpg\" alt=\"\" class=\"wp-image-75\" style=\"aspect-ratio:1.385671014403165;width:98px;height:auto\" srcset=\"https:\/\/www.chrigubruetsch.ch\/wp-content\/uploads\/2026\/02\/mx3_icon-1024x739.jpg 1024w, https:\/\/www.chrigubruetsch.ch\/wp-content\/uploads\/2026\/02\/mx3_icon-300x217.jpg 300w, https:\/\/www.chrigubruetsch.ch\/wp-content\/uploads\/2026\/02\/mx3_icon-768x555.jpg 768w, https:\/\/www.chrigubruetsch.ch\/wp-content\/uploads\/2026\/02\/mx3_icon-1536x1109.jpg 1536w, https:\/\/www.chrigubruetsch.ch\/wp-content\/uploads\/2026\/02\/mx3_icon-2048x1479.jpg 2048w\" sizes=\"auto, (max-width: 1024px) 100vw, 1024px\" \/><\/a><\/figure>\n\n\n\n<div style=\"height:24px\" aria-hidden=\"true\" class=\"wp-block-spacer\"><\/div>\n<\/div>\n<\/div>\n<\/div>\n","protected":false},"excerpt":{"rendered":"<p>Ig ha Di g\u00e4rn We Du vor mir schteisch, de wird\u2019s mir so warmWe Dini Ouge d\u00fce l\u00fcchte mit entz\u00fcckendem ScharmDe ziehts mi zu Dir u ig gschp\u00fcre im H\u00e4rzganz tief i mim Ch\u00e4rn \u2013 I ha Di so g\u00e4rn We Gf\u00fceu a v\u00f6 schw\u00e4be, us mi t\u00fcecht sig alleiwe mi d\u2019Sehnsucht erdr\u00fcckt u i [&hellip;]<\/p>\n","protected":false},"author":1,"featured_media":0,"parent":6,"menu_order":0,"comment_status":"closed","ping_status":"closed","template":"page-no-title","meta":{"footnotes":""},"class_list":["post-325","page","type-page","status-publish","hentry"],"_links":{"self":[{"href":"https:\/\/www.chrigubruetsch.ch\/index.php\/wp-json\/wp\/v2\/pages\/325","targetHints":{"allow":["GET"]}}],"collection":[{"href":"https:\/\/www.chrigubruetsch.ch\/index.php\/wp-json\/wp\/v2\/pages"}],"about":[{"href":"https:\/\/www.chrigubruetsch.ch\/index.php\/wp-json\/wp\/v2\/types\/page"}],"author":[{"embeddable":true,"href":"https:\/\/www.chrigubruetsch.ch\/index.php\/wp-json\/wp\/v2\/users\/1"}],"replies":[{"embeddable":true,"href":"https:\/\/www.chrigubruetsch.ch\/index.php\/wp-json\/wp\/v2\/comments?post=325"}],"version-history":[{"count":6,"href":"https:\/\/www.chrigubruetsch.ch\/index.php\/wp-json\/wp\/v2\/pages\/325\/revisions"}],"predecessor-version":[{"id":552,"href":"https:\/\/www.chrigubruetsch.ch\/index.php\/wp-json\/wp\/v2\/pages\/325\/revisions\/552"}],"up":[{"embeddable":true,"href":"https:\/\/www.chrigubruetsch.ch\/index.php\/wp-json\/wp\/v2\/pages\/6"}],"wp:attachment":[{"href":"https:\/\/www.chrigubruetsch.ch\/index.php\/wp-json\/wp\/v2\/media?parent=325"}],"curies":[{"name":"wp","href":"https:\/\/api.w.org\/{rel}","templated":true}]}}

<div class="wp-block-group alignfull has-custom-schwarz-color has-custom-braun-background-color has-text-color has-background has-link-color wp-elements-1 has-global-padding is-layout-constrained wp-container-core-group-is-layout-0f22d0a1 wp-block-group-is-layout-constrained" style="padding-right:0;padding-left:0">
<div class="wp-block-columns alignfull is-layout-flex wp-container-core-columns-is-layout-0830beed wp-block-columns-is-layout-flex" style="padding-right:var(--wp--preset--spacing--50);padding-left:var(--wp--preset--spacing--50)">
<div class="wp-block-column is-layout-flow wp-block-column-is-layout-flow">
<div style="height:24px" aria-hidden="true" class="wp-block-spacer"></div>



<h2 class="wp-block-heading is-style-default" style="font-size:5vh">Ig ha Di gärn</h2>



<div style="height:24px" aria-hidden="true" class="wp-block-spacer"></div>



<p class="wp-block-paragraph">We Du vor mir schteisch, de wird’s mir so warm<br>We Dini Ouge düe lüchte mit entzückendem Scharm<br>De ziehts mi zu Dir u ig gschpüre im Härz<br>ganz tief i mim Chärn – I ha Di so gärn</p>



<p class="wp-block-paragraph">We Gfüeu a vö schwäbe, us mi tüecht sig allei<br>we mi d’Sehnsucht erdrückt u i allei bi deheim<br>de ziehts mi zu Dir u ig gschpüre im Härz<br>ganz tief i mim Chärn – I ha Di so gärn</p>



<p class="wp-block-paragraph">O wi froh bin ig, Di näb mir z’ha<br>Di chönne z’häbe, mit Dir dörfe z’ga<br>Du chasch uf mi zeue, bi ging für Di da<br>blib wi Du bisch, zäme wird’s ga</p>



<div style="height:42px" aria-hidden="true" class="wp-block-spacer"></div>



<p class="wp-block-paragraph">words &amp; music by chrigu brütsch<br>chrigu: Gesang, Piano, akustische Gitarre, Keyboards, Kontrabass</p>



<div style="height:24px" aria-hidden="true" class="wp-block-spacer"></div>
</div>



<div class="wp-block-column is-vertically-aligned-center is-layout-flow wp-block-column-is-layout-flow">
<figure class="wp-block-image size-full is-resized" style="margin-top:var(--wp--preset--spacing--60)"><img loading="lazy" decoding="async" width="1600" height="1600" src="http://www.chrigubruetsch.ch/wp-content/uploads/2026/03/rose-tc.png" alt="" class="wp-image-106" style="object-fit:cover;width:444px;height:auto"/></figure>



<figure class="wp-block-audio"><audio controls src="http://www.chrigubruetsch.ch/wp-content/uploads/2026/03/ig-ha-di-so-gaern-hp.mp3"></audio></figure>



<h2 class="wp-block-heading">hören auf:</h2>



<figure class="wp-block-image size-large is-resized"><a href="https://mx3.ch/home/search?q=heaven+Chrigu+brütsch"><img loading="lazy" decoding="async" width="1024" height="739" src="http://www.chrigubruetsch.ch/wp-content/uploads/2026/02/mx3_icon-1024x739.jpg" alt="" class="wp-image-75" style="aspect-ratio:1.385671014403165;width:98px;height:auto" srcset="https://www.chrigubruetsch.ch/wp-content/uploads/2026/02/mx3_icon-1024x739.jpg 1024w, https://www.chrigubruetsch.ch/wp-content/uploads/2026/02/mx3_icon-300x217.jpg 300w, https://www.chrigubruetsch.ch/wp-content/uploads/2026/02/mx3_icon-768x555.jpg 768w, https://www.chrigubruetsch.ch/wp-content/uploads/2026/02/mx3_icon-1536x1109.jpg 1536w, https://www.chrigubruetsch.ch/wp-content/uploads/2026/02/mx3_icon-2048x1479.jpg 2048w" sizes="auto, (max-width: 1024px) 100vw, 1024px" /></a></figure>



<div style="height:24px" aria-hidden="true" class="wp-block-spacer"></div>
</div>
</div>
</div>

<p>Ig ha Di gärn We Du vor mir schteisch, de wird’s mir so warmWe Dini Ouge düe lüchte mit entzückendem ScharmDe ziehts mi zu Dir u ig gschpüre im Härzganz tief i mim Chärn – I ha Di so gärn We Gfüeu a vö schwäbe, us mi tüecht sig alleiwe mi d’Sehnsucht erdrückt u i [&hellip;]</p>
